1?
21201
In base 16, what is -1a + 8?
-12
In base 6, what is 1033 + -3?
1030
In base 14, what is a - 425?
-419
In base 4, what is -10 + -13033?
-13103
In base 15, what is 113 + 2?
115
In base 14, what is 24 + -8?
1a
In base 5, what is 1 + -24432?
-24431
In base 3, what is 2 + 10201?
10210
In base 15, what is 1 - -64?
65
In base 5, what is 20 + -30?
-10
In base 3, what is -2 + -211222?
-212001
In base 9, what is 622 + -10?
612
In base 15, what is -23 - 16?
-39
In base 6, what is 1145 - -145?
1334
In base 8, what is -4 - -70?
64
In base 12, what is 1 - 4098?
-4097
In base 8, what is -3 - -13?
10
In base 2, what is -111 - 1110110?
-1111101
In base 2, what is -101 - 11101111?
-11110100
In base 9, what is -5 + -371?
-376
In base 12, what is -3 - 1a1?
-1a4
In base 6, what is -42 + 1350?
1304
In base 3, what is 101101 + 10?
101111
In base 2, what is -1 + 10111000?
10110111
In base 15, what is c0 + -12?
ad
In base 3, what is 1101011 - 122?
1100112
In base 5, what is 433 + 1?
434
In base 10, what is -6 - 52?
-58
In base 3, what is -11 + 10?
-1
In base 9, what is -6776 + -5?
-6782
In base 11, what is 6 + 806?
811
In base 4, what is 10 - 213?
-203
In base 16, what is 19a - -1?
19b
In base 15, what is 5 - b7?
-b2
In base 6, what is -2 - 2414?
-2420
In base 14, what is 7 - -43?
4a
In base 3, what is 210 - 20222?
-20012
In base 15, what is -12 + 2?
-10
In base 14, what is 4 - -503?
507
In base 4, what is -10303001 - -10?
-10302331
In base 12, what is -3 + -32?
-35
In base 10, what is -75 + -243?
-318
In base 2, what is 1000 - -1110?
10110
In base 14, what is b4 - -1c?
d2
In base 13, what is 2 - 1c2?
-1c0
In base 10, what is 3 + 1099?
1102
In base 3, what is 0 + 22012?
22012
In base 15, what is -584 - 2?
-586
In base 12, what is -b + -76?
-85
In base 15, what is 1d + -2b4?
-296
In base 14, what is 4 - 32?
-2c
In base 11, what is 2590 - -7?
2597
In base 11, what is -104 - -73?
-41
In base 13, what is 80 - b?
72
In base 14, what is 18d3 - -2?
18d5
In base 4, what is -130021 + 3?
-130012
In base 4, what is -13 + 113?
100
In base 8, what is -1014 - 31?
-1045
In base 15, what is 153 - -3?
156
In base 12, what is -3 + 39?
36
In base 9, what is -277 - -10?
-267
In base 11, what is -26 - 5a2?
-618
In base 3, what is 1210 + 120011?
121221
In base 8, what is -66 - 44?
-132
In base 7, what is 613 + 5?
621
In base 14, what is 38 - -64?
9c
In base 7, what is -33151 - 5?
-33156
In base 10, what is 11 - -86?
97
In base 2, what is -101001101 + -100?
-101010001
In base 14, what is 91 - -5?
96
In base 3, what is 1 + 211?
212
In base 2, what is -100010000 + -1?
-100010001
In base 8, what is -1110 + -3?
-1113
In base 10, what is 12 + 0?
12
In base 10, what is 100 - 0?
100
In base 11, what is -1 - 28?
-29
In base 15, what is 70 - 2?
6d
In base 9, what is 17051 - -4?
17055
In base 16, what is -1b2 + 0?
-1b2
In base 14, what is 2 + d?
11
In base 6, what is -252 + 4?
-244
In base 6, what is -4 + -5414?
-5422
In base 10, what is 690 - 4?
686
In base 6, what is 1 - 24?
-23
In base 3, what is 111021201 + 11?
111021212
In base 5, what is 142 + 1234?
1431
In base 14, what is -2d - 6d?
-9c
In base 11, what is -539 + -3?
-541
In base 3, what is -12110 - -210?
-11200
In base 12, what is -3 + 5?
2
In base 14, what is -75 - -1?
-74
In base 16, what is -1 + -be?
-bf
In base 15, what is 4 - 16a?
-166
In base 4, what is -11 + -33203?
-33220
In base 8, what is -13 + -7?
-22
In base 15, what is 15d - 7?
156
In base 16, what is -6 + 8?
2
In base 5, what is 1030414 + -3?
1030411
In base 14, what is 471 - 1?
470
In base 2, what is -1010111100000 + 100?
-1010111011100
In base 6, what is -4 + -120?
-124
In base 6, what is 325 - 0?
325
In base 3, what is -222 + -11?
-1010
In base 4, what is 203101 + -10?
203031
In base 12, what is 0 - -2b?
2b
In base 7, what is 132 + -135?
-3
In base 12, what is -506a + -1?
-506b
In base 16, what is -4 + 1da?
1d6
In base 13, what is 4 + 3b?
42
In base 4, what is -10 - 211?
-221
In base 14, what is -8 - 197?
-1a1
In base 9, what is -10861 - 1?
-10862
In base 11, what is -56 - 37?
-92
In base 8, what is -1156 + -6?
-1164
In base 8, what is 4 - 1331?
-1325
In base 11, what is -12 - -240?
229
In base 10, what is 9 - 2?
7
In base 5, what is 212303 - 10?
212243
In base 14, what is -1 - 1442?
-1443
In base 15, what is -80 - 6?
-86
In base 10, what is 33 - 23?
10
In base 8, what is -4573 + 1?
-4572
In base 11, what is 0 - -1746?
1746
In base 3, what is -2 + 10121?
10112
In base 3, what is -10120110 - 11?
-10120121
In base 2, what is -10 - -10?
0
In base 7, what is 4 - 42?
-35
In base 11, what is 0 + -11?
-11
In base 10, what is 31 - -7?
38
In base 8, what is 11 - 17?
-6
In base 3, what is 2001 + 11?
2012
In base 11, what is -902 - -1?
-901
In base 4, what is 1 - -10010?
10011
In base 8, what is 1413 - -6?
1421
In base 3, what is 10112 - -12?
10201
In base 2, what is 11010 + 0?
11010
In base 7, what is -116 - 3?
-122
In base 16, what is -3 + e?
b
In base 10, what is -6 + 29?
23
In base 16, what is -88 + -81?
-109
In base 6, what is 4 - 2532?
-2524
In base 3, what is -22202 + -1?
-22210
In base 6, what is 5 - -5001?
5010
In base 11, what is -21 - -201?
190
In base 8, what is 6 + 27?
35
In base 8, what is -25 - 1371?
-1416
In base 9, what is 2 - 133?
-131
In base 13, what is 53 - 3?
50
In base 14, what is 1960 - 4?
195a
In base 13, what is 2 + 154?
156
In base 16, what is 8b - -3?
8e
In base 13, what is 0 + 67c?
67c
In base 10, what is 6 - 77?
-71
In base 9, what is 1 + 13?
14
In base 12, what is 43 - 8?
37
In base 10, what is -3 + -6809?
-6812
In base 3, what is -102 + -111?
-220
In base 14, what is 11 - 0?
11
In base 13, what is 4 + 54?
58
In base 16, what is 1 + fe?
ff
In base 2, what is -111 - -1101100?
1100101
In base 10, what is 21 + 136?
157
In base 6, what is -4 - -22234?
22230
In base 5, what is -1320 - 1?
-1321
In base 7, what is 31 + 220?
251
In base 14, what is 7 + 1db?
204
In base 11, what is -a81 + -4?
-a85
In base 7, what is 45 + -34?
11
In base 12, what is 2 + -187?
-185
In base 15, what is -4 - -9e8?
9e4
In base 15, what is -1b - 25d?
-279
In base 13, what is 3a + -7?
33
In base 10, what is 79 + 29?
108
In base 8, what is -4 + -37?
-43
In base 2, what is -101 + -101100101?
-101101010
In base 3, what is 20 + 21221?
22011
In base 12, what is 172 - -7?
179
In base 6, what is 204 - 5?
155
In base 9, what is -71 - -13?
-57
In base 15, what is 0 + 98?
98
In base 16, what is -8 + -7?
-f
In base 13, what is -3 + -368?
-36b
In base 14, what is 152 - 8?
148
In base 4, what is 3 - 1032?
-1023
In base 6, what is 13 + -330?
-313
In base 8, what is 4147 - -12?
4161
In base 14, what is 1 + cb?
cc
In base 14, what is 0 - 24?
-24
In base 8, what is -4 + 63?
57
In base 5, what is -2011 - -3?
-2003
In base 11, what is 498 - 0?
498
In base 9, what is 45 + 7?
53
In base 4, what is 10 - -1322?
1332
In base 12, what is 10 + 22?
32
In base 14, what is 0 + -28?
-28
In base 15, what is 544 - -3?
547
In base 2, what is -10100111 + -11?
-10101010
In base 8, what is 22771 - 2?
22767
In base 9, what is -56 - 0?
-56
In base 15, what is -52e + 5?
-529
In base 2, what is 10000 + -10001?
-1
In base 12, what is -299 + 5?
-294
In base 9, what is 4084 - 1?
4083
In base 11, what is 2 - -5?
7
In base 12, what is 7619 - -4?
7621
In base 2, what is -111 - 101101001?
-101110000
In base 12, what is -3 - 2130?
-2133
In base 2, what is 1100000 - 1100?
1010100
In base 7, what is 14 + 124?
141
In base 15, what is -e - 78?
-87
In base 16, what is a0 + 2?
a2
In base 6, what is 15 - -13?
32
In base 8, what is -45 + 3?
-42
In base 16, what is -2 + 35?
33
In base 16, what is -52 - 2?
-54
In base 16, what is -fb - -21?
-da
In base 14, what is 5 + -56?
-51
In base 12, what is 2 - -481?
483
In base 13, what is 156 + -b?
148
In base 13, what is 21 - 154?
-133
In base 13, what is -30 + -2?
-32
In base 10, what is -40 - 2?
-42
In base 13, what is -11 + 1?
-10
In base 7, what is -2400 - -1?
-2366
In base 13, what is -11b + -4?
-122
In base 3, what is 12200 + 2?
12202
In base 15, what is 45 + -4?
41
In base 15, what is -3 + -14?
-17
In base 14, what is -1 - -30?
2d
In base 2, what is -100001 - -101?
-11100
In base 13, what is 4 - -211?
215
In base 15, what is 2 - -137?
139
In base 8, what is -2 + -753?
-755
In base 9